{"id":25503,"date":"2021-08-26T15:26:29","date_gmt":"2021-08-26T13:26:29","guid":{"rendered":"https:\/\/vinylgrove.nl\/?post_type=product&#038;p=25503"},"modified":"2022-03-04T15:25:22","modified_gmt":"2022-03-04T14:25:22","slug":"various-141","status":"publish","type":"product","link":"https:\/\/vinylgrove.nl\/index.php\/product\/various-141\/","title":{"rendered":"Various"},"content":{"rendered":"<p>W\/Boris Manco, Cici Kizlar, Edip Akbayram, Erkin Koray, F\u00fcs\u00fcn \u00d6nal, Cem Karaca ao.<\/p>\n","protected":false},"excerpt":{"rendered":"<p>T\u00fcrk Hit Parade -14tr.-<\/p>\n","protected":false},"featured_media":25504,"template":"","meta":[],"product_brand":[],"product_cat":[713,726],"product_tag":[2396],"class_list":{"0":"post-25503","1":"product","2":"type-product","3":"status-publish","4":"has-post-thumbnail","6":"product_cat-pop","7":"product_cat-world","8":"product_tag-turkuola","10":"first","11":"outofstock","12":"shipping-taxable","13":"purchasable","14":"product-type-simple"},"_links":{"self":[{"href":"https:\/\/vinylgrove.nl\/index.php\/wp-json\/wp\/v2\/product\/25503","targetHints":{"allow":["GET"]}}],"collection":[{"href":"https:\/\/vinylgrove.nl\/index.php\/wp-json\/wp\/v2\/product"}],"about":[{"href":"https:\/\/vinylgrove.nl\/index.php\/wp-json\/wp\/v2\/types\/product"}],"wp:featuredmedia":[{"embeddable":true,"href":"https:\/\/vinylgrove.nl\/index.php\/wp-json\/wp\/v2\/media\/25504"}],"wp:attachment":[{"href":"https:\/\/vinylgrove.nl\/index.php\/wp-json\/wp\/v2\/media?parent=25503"}],"wp:term":[{"taxonomy":"product_brand","embeddable":true,"href":"https:\/\/vinylgrove.nl\/index.php\/wp-json\/wp\/v2\/product_brand?post=25503"},{"taxonomy":"product_cat","embeddable":true,"href":"https:\/\/vinylgrove.nl\/index.php\/wp-json\/wp\/v2\/product_cat?post=25503"},{"taxonomy":"product_tag","embeddable":true,"href":"https:\/\/vinylgrove.nl\/index.php\/wp-json\/wp\/v2\/product_tag?post=25503"}],"curies":[{"name":"wp","href":"https:\/\/api.w.org\/{rel}","templated":true}]}}