{"id":27752,"date":"2021-11-21T21:29:46","date_gmt":"2021-11-21T20:29:46","guid":{"rendered":"https:\/\/vinylgrove.nl\/?post_type=product&#038;p=27752"},"modified":"2025-09-18T16:11:31","modified_gmt":"2025-09-18T14:11:31","slug":"audn","status":"publish","type":"product","link":"https:\/\/vinylgrove.nl\/index.php\/product\/audn\/","title":{"rendered":"Audn"},"content":{"rendered":"<p>&#8216;This album explores new soundscapes and push their music to new heights, thereby setting themselves further apart from their Icelandic contemporaries. The six piece draws inspirations from their natural surroundings, but also chart the territory of the mind. The album title literally translates to &#8216;prisoner of the daydream&#8217;, but rather refers to a perpetual state of delusion of a life that never took place. Join AU\u00d0N while traversing the blurred lines between reality and the supernatural and the otherworldly sceneries of their native Iceland. Art by M\u00fdrmann.<br \/>\nRIYL: (early) S\u00d3LSTAFIR, DYNFARI und AGALLOCH<\/p>\n<p>Tracklist:<br \/>\n1. Einn um alla t\u00ed\u00f0<br \/>\n2. Eldborg<br \/>\n3. Birtan hugann brennir<br \/>\n4. Ver\u00f0ur von a\u00f0 br\u00e1\u00f0<br \/>\n5. Dreps\u00f3tt<br \/>\n6. N\u00e6\u00f0ir um<br \/>\n7. Horfin m\u00e9r<br \/>\n8. \u00c1 himin stara<br \/>\n9. Lj\u00f3st\u00fdra<br \/>\n10 V\u00f6kudraumsins fangi<\/p>\n","protected":false},"excerpt":{"rendered":"<p>V\u00f6kudraumsins Fangi (2LP\/Gatefold)<\/p>\n","protected":false},"featured_media":27753,"template":"","meta":[],"product_brand":[],"product_cat":[2327],"product_tag":[1051],"class_list":{"0":"post-27752","1":"product","2":"type-product","3":"status-publish","4":"has-post-thumbnail","6":"product_cat-black-death-extreme","7":"product_tag-season-of-mist","9":"first","10":"outofstock","11":"shipping-taxable","12":"purchasable","13":"product-type-simple"},"_links":{"self":[{"href":"https:\/\/vinylgrove.nl\/index.php\/wp-json\/wp\/v2\/product\/27752","targetHints":{"allow":["GET"]}}],"collection":[{"href":"https:\/\/vinylgrove.nl\/index.php\/wp-json\/wp\/v2\/product"}],"about":[{"href":"https:\/\/vinylgrove.nl\/index.php\/wp-json\/wp\/v2\/types\/product"}],"wp:featuredmedia":[{"embeddable":true,"href":"https:\/\/vinylgrove.nl\/index.php\/wp-json\/wp\/v2\/media\/27753"}],"wp:attachment":[{"href":"https:\/\/vinylgrove.nl\/index.php\/wp-json\/wp\/v2\/media?parent=27752"}],"wp:term":[{"taxonomy":"product_brand","embeddable":true,"href":"https:\/\/vinylgrove.nl\/index.php\/wp-json\/wp\/v2\/product_brand?post=27752"},{"taxonomy":"product_cat","embeddable":true,"href":"https:\/\/vinylgrove.nl\/index.php\/wp-json\/wp\/v2\/product_cat?post=27752"},{"taxonomy":"product_tag","embeddable":true,"href":"https:\/\/vinylgrove.nl\/index.php\/wp-json\/wp\/v2\/product_tag?post=27752"}],"curies":[{"name":"wp","href":"https:\/\/api.w.org\/{rel}","templated":true}]}}