{"id":33758,"date":"2022-07-24T21:07:34","date_gmt":"2022-07-24T19:07:34","guid":{"rendered":"https:\/\/vinylgrove.nl\/?post_type=product&#038;p=33758"},"modified":"2024-09-25T12:57:01","modified_gmt":"2024-09-25T10:57:01","slug":"bjork-12","status":"publish","type":"product","link":"https:\/\/vinylgrove.nl\/index.php\/product\/bjork-12\/","title":{"rendered":"Bj\u00f6rk"},"content":{"rendered":"<p>Burgundy is Benelux only so we might be getting 200 colours worldwide whilst &#8216;there is a shortage of raw material&#8217; .<\/p>\n<p>&nbsp;<\/p>\n<p>Bjork described (in The Guardian) <em>Fossora<\/em>\u00a0as her \u201cmushroom album,\u201d featuring an earthy, organic sound that she\u2019s dubbed, \u201cbiological techno.\u201d Whereas its predecessor, 2017\u2019s\u00a0<a href=\"https:\/\/consequence.net\/2017\/11\/album-review-bjork-utopia\/\" target=\"_blank\" rel=\"noopener\"><em>Utopia<\/em><\/a>, was a \u201cmagical retreat from the black lake of misery she plunged into\u201d following her split from partner Matthew Barney,\u00a0<em>Fossora\u00a0<\/em>finds Bj\u00f6rk in a post-<em>Utopia<\/em>\u00a0dreamland. \u201cLet\u2019s see what it\u2019s like when you walk into this fantasy and, you know, have a lunch and farrrrt, and do normal things, like meet your friends,\u201d she offered as a visual description of the new album.<\/p>\n<p><em>Fossora<\/em>\u00a0features a sextet of bass clarinets, beats crafted by Indonesian dance duo Gabber Modus Operandi, and vocals from her son Sindri, her daughter \u00cdsad\u00f3ra, and the musician Serpentwithfeet. What\u2019s more, Bj\u00f6rk\u2019s mother \u2014 who passed away in 2018 \u2014 wrote two of the songs featured on the album.<\/p>\n<p>Tracklist:<\/p>\n<ul class=\"ng-star-inserted\">\n<li class=\"ng-star-inserted\">A1 Atopos<\/li>\n<li class=\"ng-star-inserted\">A2 Ovule<\/li>\n<li class=\"ng-star-inserted\">A3 Mycelia<\/li>\n<li class=\"ng-star-inserted\">B1 Sorrowful Soil<\/li>\n<li class=\"ng-star-inserted\">B2 Ancestress<\/li>\n<li class=\"ng-star-inserted\">B3 Fagurt Er \u00ed Fj\u00f6r\u00f0um<\/li>\n<li class=\"ng-star-inserted\">C1 Victimhood<\/li>\n<li class=\"ng-star-inserted\">C2 Allow<\/li>\n<li class=\"ng-star-inserted\">C3 Fungal City<\/li>\n<li class=\"ng-star-inserted\">C4 Tr\u00f6lla-Gabba<\/li>\n<li class=\"ng-star-inserted\">D1 Freefall<\/li>\n<li class=\"ng-star-inserted\">D2 Fossora<\/li>\n<li class=\"ng-star-inserted\">D3 Her Mother&#8217;s House<\/li>\n<\/ul>\n<p>&nbsp;<\/p>\n<p>&nbsp;<\/p>\n","protected":false},"excerpt":{"rendered":"<p>Fossara (2LP\/Gatefold\/burgundy)<\/p>\n","protected":false},"featured_media":34742,"template":"","meta":[],"product_brand":[],"product_cat":[33],"product_tag":[884],"class_list":{"0":"post-33758","1":"product","2":"type-product","3":"status-publish","4":"has-post-thumbnail","6":"product_cat-pop-rock-indie","7":"product_tag-one-little-indian","9":"first","10":"instock","11":"shipping-taxable","12":"purchasable","13":"product-type-simple"},"_links":{"self":[{"href":"https:\/\/vinylgrove.nl\/index.php\/wp-json\/wp\/v2\/product\/33758","targetHints":{"allow":["GET"]}}],"collection":[{"href":"https:\/\/vinylgrove.nl\/index.php\/wp-json\/wp\/v2\/product"}],"about":[{"href":"https:\/\/vinylgrove.nl\/index.php\/wp-json\/wp\/v2\/types\/product"}],"wp:featuredmedia":[{"embeddable":true,"href":"https:\/\/vinylgrove.nl\/index.php\/wp-json\/wp\/v2\/media\/34742"}],"wp:attachment":[{"href":"https:\/\/vinylgrove.nl\/index.php\/wp-json\/wp\/v2\/media?parent=33758"}],"wp:term":[{"taxonomy":"product_brand","embeddable":true,"href":"https:\/\/vinylgrove.nl\/index.php\/wp-json\/wp\/v2\/product_brand?post=33758"},{"taxonomy":"product_cat","embeddable":true,"href":"https:\/\/vinylgrove.nl\/index.php\/wp-json\/wp\/v2\/product_cat?post=33758"},{"taxonomy":"product_tag","embeddable":true,"href":"https:\/\/vinylgrove.nl\/index.php\/wp-json\/wp\/v2\/product_tag?post=33758"}],"curies":[{"name":"wp","href":"https:\/\/api.w.org\/{rel}","templated":true}]}}