{"id":34487,"date":"2022-09-21T15:10:30","date_gmt":"2022-09-21T13:10:30","guid":{"rendered":"https:\/\/vinylgrove.nl\/?post_type=product&#038;p=34487"},"modified":"2025-09-18T14:52:04","modified_gmt":"2025-09-18T12:52:04","slug":"faust-2","status":"publish","type":"product","link":"https:\/\/vinylgrove.nl\/index.php\/product\/faust-2\/","title":{"rendered":"Faust"},"content":{"rendered":"<p>Tracklist:<\/p>\n<ul class=\"ng-star-inserted\">\n<li class=\"ng-star-inserted\">A1 Kundalini Tremolos 9:03<\/li>\n<li class=\"ng-star-inserted\">A2 Accroch\u00e9 \u00c0 Tes L\u00e8vres 7:48<\/li>\n<li class=\"ng-star-inserted\">A3 Ce Chemin Est Le Bon 7:53<\/li>\n<li class=\"ng-star-inserted\">A4 Stimmen 2:03<\/li>\n<li class=\"ng-star-inserted\">A5 Petits Sons App\u00e9tissants 4:18<\/li>\n<li class=\"ng-star-inserted\">B1 Bonjour Gioacchino 5:04<\/li>\n<li class=\"ng-star-inserted\">B2 En Veux-tu Des Effets, En Voil\u00e0 7:18<\/li>\n<li class=\"ng-star-inserted\">B3 Lass Mich, Version Originale 1:54<\/li>\n<li class=\"ng-star-inserted\">B4 C&#8217;est Com&#8230;Com&#8230;Compliqu\u00e9 13:40<\/li>\n<\/ul>\n","protected":false},"excerpt":{"rendered":"<p>C&#8217;est Com&#8230;Com&#8230;Compliqu\u00e9<\/p>\n","protected":false},"featured_media":34488,"template":"","meta":[],"product_brand":[],"product_cat":[2487],"product_tag":[1204],"class_list":{"0":"post-34487","1":"product","2":"type-product","3":"status-publish","4":"has-post-thumbnail","6":"product_cat-krautrock-prog","7":"product_tag-bureau-b","9":"first","10":"outofstock","11":"shipping-taxable","12":"purchasable","13":"product-type-simple"},"_links":{"self":[{"href":"https:\/\/vinylgrove.nl\/index.php\/wp-json\/wp\/v2\/product\/34487","targetHints":{"allow":["GET"]}}],"collection":[{"href":"https:\/\/vinylgrove.nl\/index.php\/wp-json\/wp\/v2\/product"}],"about":[{"href":"https:\/\/vinylgrove.nl\/index.php\/wp-json\/wp\/v2\/types\/product"}],"wp:featuredmedia":[{"embeddable":true,"href":"https:\/\/vinylgrove.nl\/index.php\/wp-json\/wp\/v2\/media\/34488"}],"wp:attachment":[{"href":"https:\/\/vinylgrove.nl\/index.php\/wp-json\/wp\/v2\/media?parent=34487"}],"wp:term":[{"taxonomy":"product_brand","embeddable":true,"href":"https:\/\/vinylgrove.nl\/index.php\/wp-json\/wp\/v2\/product_brand?post=34487"},{"taxonomy":"product_cat","embeddable":true,"href":"https:\/\/vinylgrove.nl\/index.php\/wp-json\/wp\/v2\/product_cat?post=34487"},{"taxonomy":"product_tag","embeddable":true,"href":"https:\/\/vinylgrove.nl\/index.php\/wp-json\/wp\/v2\/product_tag?post=34487"}],"curies":[{"name":"wp","href":"https:\/\/api.w.org\/{rel}","templated":true}]}}