{"id":35302,"date":"2022-10-22T11:38:38","date_gmt":"2022-10-22T09:38:38","guid":{"rendered":"https:\/\/vinylgrove.nl\/?post_type=product&#038;p=35302"},"modified":"2023-10-21T17:03:44","modified_gmt":"2023-10-21T15:03:44","slug":"maia-tim-2","status":"publish","type":"product","link":"https:\/\/vinylgrove.nl\/index.php\/product\/maia-tim-2\/","title":{"rendered":"Maia, Tim"},"content":{"rendered":"<p><em>Mr Bongo<\/em>\u00a0brings another Brazilian rarity to the masses with this sublime reissue of\u00a0<strong>Tim Maia\u2019s<\/strong>\u00a0<em>&#8216;Disco Club&#8217;<\/em>. Recorded in 1978, it\u2019s a latter-period gem from the larger than life legend, combining the glitz and glamour of disco\u2019s heyday with\u00a0<strong>Maia\u2019s<\/strong>\u00a0raw funk and soul roots.<\/p>\n<p>Tracklist:<\/p>\n<ul class=\"ng-star-inserted\">\n<li class=\"ng-star-inserted\">A1 A Fim De Voltar 4:13<\/li>\n<li class=\"ng-star-inserted\">A2 Acenda O Farol 3:20<\/li>\n<li class=\"ng-star-inserted\">A3 Sossego 3:47<\/li>\n<li class=\"ng-star-inserted\">A4 Vit\u00f3ria R\u00e9gia Estou Contigo E N\u00e3o Abro 2:20<\/li>\n<li class=\"ng-star-inserted\">A5 All I Want 3:28<\/li>\n<li class=\"ng-star-inserted\">B1 Murm\u00fario 3:27<\/li>\n<li class=\"ng-star-inserted\">B2 Pais E Filhos 3:52<\/li>\n<li class=\"ng-star-inserted\">B3 Se Me Lembro Faz Doer 3:55<\/li>\n<li class=\"ng-star-inserted\">B4 Juras 3:18<\/li>\n<li class=\"ng-star-inserted\">B5 Jhony 2:23<\/li>\n<\/ul>\n","protected":false},"excerpt":{"rendered":"<p>Disco Club<\/p>\n","protected":false},"featured_media":35303,"template":"","meta":[],"product_brand":[],"product_cat":[717,2556],"product_tag":[955],"class_list":{"0":"post-35302","1":"product","2":"type-product","3":"status-publish","4":"has-post-thumbnail","6":"product_cat-funk-soul","7":"product_cat-south-america","8":"product_tag-mr-bongo","10":"first","11":"instock","12":"shipping-taxable","13":"purchasable","14":"product-type-simple"},"_links":{"self":[{"href":"https:\/\/vinylgrove.nl\/index.php\/wp-json\/wp\/v2\/product\/35302","targetHints":{"allow":["GET"]}}],"collection":[{"href":"https:\/\/vinylgrove.nl\/index.php\/wp-json\/wp\/v2\/product"}],"about":[{"href":"https:\/\/vinylgrove.nl\/index.php\/wp-json\/wp\/v2\/types\/product"}],"wp:featuredmedia":[{"embeddable":true,"href":"https:\/\/vinylgrove.nl\/index.php\/wp-json\/wp\/v2\/media\/35303"}],"wp:attachment":[{"href":"https:\/\/vinylgrove.nl\/index.php\/wp-json\/wp\/v2\/media?parent=35302"}],"wp:term":[{"taxonomy":"product_brand","embeddable":true,"href":"https:\/\/vinylgrove.nl\/index.php\/wp-json\/wp\/v2\/product_brand?post=35302"},{"taxonomy":"product_cat","embeddable":true,"href":"https:\/\/vinylgrove.nl\/index.php\/wp-json\/wp\/v2\/product_cat?post=35302"},{"taxonomy":"product_tag","embeddable":true,"href":"https:\/\/vinylgrove.nl\/index.php\/wp-json\/wp\/v2\/product_tag?post=35302"}],"curies":[{"name":"wp","href":"https:\/\/api.w.org\/{rel}","templated":true}]}}