{"id":37703,"date":"2023-02-08T14:19:51","date_gmt":"2023-02-08T13:19:51","guid":{"rendered":"https:\/\/vinylgrove.nl\/?post_type=product&#038;p=37703"},"modified":"2023-02-08T14:19:51","modified_gmt":"2023-02-08T13:19:51","slug":"group-nsi","status":"publish","type":"product","link":"https:\/\/vinylgrove.nl\/index.php\/product\/group-nsi\/","title":{"rendered":"Group NSI"},"content":{"rendered":"<p>Reissue: 25-07-2022 (C 1981)<\/p>\n<p>Aka Georges and Pierre-Edouard Decimus<\/p>\n<p>Proto ZOUK.<\/p>\n<p>Tracklist:<\/p>\n<ul class=\"ng-star-inserted\">\n<li class=\"ng-star-inserted\">A1 Oui Ce Yes (Roger A Ti Wawa) 4:40<\/li>\n<li class=\"ng-star-inserted\">A2 Mande Moin On Lajan, Pa Mande Moin Za Fe An Moin (My Business) 3:48<\/li>\n<li class=\"ng-star-inserted\">A3 Turn Your Face On Me 3:23<\/li>\n<li class=\"ng-star-inserted\">B1 Steel Ka Dance 4:18<\/li>\n<li class=\"ng-star-inserted\">B2 Moin Epi Vou 3:28<\/li>\n<li class=\"ng-star-inserted\">B3 Nsi Ho (D\u00e9di\u00e9 \u00c0 Notre P\u00e8re) 3:53<\/li>\n<\/ul>\n","protected":false},"excerpt":{"rendered":"<p>Roger A Ti Wawa<\/p>\n","protected":false},"featured_media":37704,"template":"","meta":[],"product_brand":[],"product_cat":[717,726],"product_tag":[2408],"class_list":{"0":"post-37703","1":"product","2":"type-product","3":"status-publish","4":"has-post-thumbnail","6":"product_cat-funk-soul","7":"product_cat-world","8":"product_tag-mad-about-records","10":"first","11":"instock","12":"shipping-taxable","13":"purchasable","14":"product-type-simple"},"_links":{"self":[{"href":"https:\/\/vinylgrove.nl\/index.php\/wp-json\/wp\/v2\/product\/37703","targetHints":{"allow":["GET"]}}],"collection":[{"href":"https:\/\/vinylgrove.nl\/index.php\/wp-json\/wp\/v2\/product"}],"about":[{"href":"https:\/\/vinylgrove.nl\/index.php\/wp-json\/wp\/v2\/types\/product"}],"wp:featuredmedia":[{"embeddable":true,"href":"https:\/\/vinylgrove.nl\/index.php\/wp-json\/wp\/v2\/media\/37704"}],"wp:attachment":[{"href":"https:\/\/vinylgrove.nl\/index.php\/wp-json\/wp\/v2\/media?parent=37703"}],"wp:term":[{"taxonomy":"product_brand","embeddable":true,"href":"https:\/\/vinylgrove.nl\/index.php\/wp-json\/wp\/v2\/product_brand?post=37703"},{"taxonomy":"product_cat","embeddable":true,"href":"https:\/\/vinylgrove.nl\/index.php\/wp-json\/wp\/v2\/product_cat?post=37703"},{"taxonomy":"product_tag","embeddable":true,"href":"https:\/\/vinylgrove.nl\/index.php\/wp-json\/wp\/v2\/product_tag?post=37703"}],"curies":[{"name":"wp","href":"https:\/\/api.w.org\/{rel}","templated":true}]}}