{"id":47485,"date":"2024-06-28T20:28:28","date_gmt":"2024-06-28T18:28:28","guid":{"rendered":"https:\/\/vinylgrove.nl\/?post_type=product&#038;p=47485"},"modified":"2025-05-18T15:06:49","modified_gmt":"2025-05-18T13:06:49","slug":"malek-ahmed-2","status":"publish","type":"product","link":"https:\/\/vinylgrove.nl\/index.php\/product\/malek-ahmed-2\/","title":{"rendered":"Malek, Ahmed"},"content":{"rendered":"<p>Ahmed Malek &#8211; Algeria&#8217;s Ennio Morricone<\/p>\n<p>Second collection of deep grooves and unreleased songs from Algeria&#8217;s Ahmed Malek, often compared to Italian heavyweight Ennio Morricone. Malek\u2019s music effortlessly switches between thematic jazz, funk, reggae and Algerian folk \u2013 creating indelible soundscapes that intersect the musical innovations made in African jazz by Mulatu Astatke, Bembeya Jazz National along with some of Europe\u2019s finest experimental composers like Piero Piccioni and Janko Nilovic. \u201cMusique Originale de Films, Volume Deux\u201d is out June 28th, 2024 via Habibi Funk.<\/p>\n<p>Tracklist:<\/p>\n<p>01. Th\u00e8me Djalti feat. A\u00efda Gu\u00e9choud<br \/>\n02. Leila Et Les Autres<br \/>\n03. Th\u00e8me Rythme L\u00e9ger<br \/>\n04. Bossa<br \/>\n05. Aller Simple<br \/>\n06. Casbah<br \/>\n07. La La La<br \/>\n08. Une Autre Complot<br \/>\n09. Le Mariage De Moussa<br \/>\n10. L\u2019Empire Des R\u00eaves<br \/>\n11. Oulaya<br \/>\n12. Djalti<br \/>\n13. Sans Titre<\/p>\n","protected":false},"excerpt":{"rendered":"<p>Musique Original De Films, Volume Deux<\/p>\n","protected":false},"featured_media":47486,"template":"","meta":[],"product_brand":[],"product_cat":[717,32,715,726],"product_tag":[1944],"class_list":{"0":"post-47485","1":"product","2":"type-product","3":"status-publish","4":"has-post-thumbnail","6":"product_cat-funk-soul","7":"product_cat-jazz","8":"product_cat-stage-screen","9":"product_cat-world","10":"product_tag-habibi-funk","12":"first","13":"instock","14":"shipping-taxable","15":"purchasable","16":"product-type-simple"},"_links":{"self":[{"href":"https:\/\/vinylgrove.nl\/index.php\/wp-json\/wp\/v2\/product\/47485","targetHints":{"allow":["GET"]}}],"collection":[{"href":"https:\/\/vinylgrove.nl\/index.php\/wp-json\/wp\/v2\/product"}],"about":[{"href":"https:\/\/vinylgrove.nl\/index.php\/wp-json\/wp\/v2\/types\/product"}],"wp:featuredmedia":[{"embeddable":true,"href":"https:\/\/vinylgrove.nl\/index.php\/wp-json\/wp\/v2\/media\/47486"}],"wp:attachment":[{"href":"https:\/\/vinylgrove.nl\/index.php\/wp-json\/wp\/v2\/media?parent=47485"}],"wp:term":[{"taxonomy":"product_brand","embeddable":true,"href":"https:\/\/vinylgrove.nl\/index.php\/wp-json\/wp\/v2\/product_brand?post=47485"},{"taxonomy":"product_cat","embeddable":true,"href":"https:\/\/vinylgrove.nl\/index.php\/wp-json\/wp\/v2\/product_cat?post=47485"},{"taxonomy":"product_tag","embeddable":true,"href":"https:\/\/vinylgrove.nl\/index.php\/wp-json\/wp\/v2\/product_tag?post=47485"}],"curies":[{"name":"wp","href":"https:\/\/api.w.org\/{rel}","templated":true}]}}