{"id":8054,"date":"2021-01-17T16:38:07","date_gmt":"2021-01-17T15:38:07","guid":{"rendered":"http:\/\/vinylgrove.nl\/index.php\/product\/various-39\/"},"modified":"2026-04-01T14:20:07","modified_gmt":"2026-04-01T12:20:07","slug":"various-39","status":"publish","type":"product","link":"https:\/\/vinylgrove.nl\/index.php\/product\/various-39\/","title":{"rendered":"Various"},"content":{"rendered":"<p>One of the best world\/funk compilations ever. Guaranteed to shake your booty and mudflap!<br \/>\nA collection of super rare and highly danceable masterpieces recorded between 1969 -1981 by four legendary composers from Benin: ANTOINE DOUGB\u00c9, EL REGO et Ses Commandos, HONOR\u00c9 AVOLONTO, GNONNAS PEDRO &amp; His Dadjes Band each one of them with their own distinctive sound. This compilation comes with a 40 page full colour booklet with ultra rare pictures and biographies. Fasten your seat belt and enjoy the mind-blowing sound of Benin.<\/p>\n<p>Tracklist:<\/p>\n<ul class=\"ng-star-inserted\">\n<li class=\"ng-star-inserted\">A1 Gnonnas Pedro Et Ses Dadjes &#8211; Dadje Von O Von Non 3:53<\/li>\n<li class=\"ng-star-inserted\">A2 El Rego Et Ses Commandos &#8211;\u00a0Feeling You Got 3:44<\/li>\n<li class=\"ng-star-inserted\">A3 Antoine Dougb\u00e9 &#8211;\u00a0Honton Soukpo Gnon 7:05<\/li>\n<li class=\"ng-star-inserted\">A4 El Rego Et Ses Commandos &#8211;\u00a0E Nan Mian Nuku 4:26<\/li>\n<li class=\"ng-star-inserted\">B1 Honor\u00e9 Avolonto Et L&#8217;orchestre Poly-Rythmo &#8211;\u00a0Tin Lin Non 8:48<\/li>\n<li class=\"ng-star-inserted\">B2 Gnonnas Pedro Et Ses Panchos &#8211;\u00a0Okpo Videa Bassoruo 3:30<\/li>\n<li class=\"ng-star-inserted\">B3 Gnonnas Pedro Et Ses Panchos &#8211;\u00a0 Ya Mi Ton Gbo 6:34<\/li>\n<li class=\"ng-star-inserted\">C1 Antoine Dougb\u00e9 &#8211;\u00a0Nou Akuenon Hwlin Me Sin Koussio 5:03<\/li>\n<li class=\"ng-star-inserted\">C2 Honor\u00e9 Avolonto &#8211;\u00a0Na Mi Do Gb\u00e9 Hu\u00e9 Nu 6:44<\/li>\n<li class=\"ng-star-inserted\">C3 El Rego Et Ses Commandos &#8211;\u00a0Vimado Wingnan 3:01<\/li>\n<li class=\"ng-star-inserted\">C4 Honor\u00e9 Avolonto Et L&#8217;orchestre Black Santiago -Dou Dagb\u00e9 W\u00e9 4:26<\/li>\n<li class=\"ng-star-inserted\">D1 El Rego Et Ses Commandos &#8211;\u00a0Djoblim\u00e9 2:31<\/li>\n<li class=\"ng-star-inserted\">D2 Antoine Dougb\u00e9 &#8211;\u00a0Kovito Gbe De Towe 6:39<\/li>\n<li class=\"ng-star-inserted\">D3 Gnonnas Pedro Et Ses Dadjes &#8211;\u00a0La Musica En Verit\u00e9 7:09<\/li>\n<\/ul>\n","protected":false},"excerpt":{"rendered":"<p>Legends of Benin (2LP\/Gatefold)<\/p>\n","protected":false},"featured_media":8055,"template":"","meta":[],"product_brand":[],"product_cat":[717,726],"product_tag":[746],"class_list":{"0":"post-8054","1":"product","2":"type-product","3":"status-publish","4":"has-post-thumbnail","6":"product_cat-funk-soul","7":"product_cat-world","8":"product_tag-analog-africa","10":"first","11":"instock","12":"shipping-taxable","13":"purchasable","14":"product-type-simple"},"_links":{"self":[{"href":"https:\/\/vinylgrove.nl\/index.php\/wp-json\/wp\/v2\/product\/8054","targetHints":{"allow":["GET"]}}],"collection":[{"href":"https:\/\/vinylgrove.nl\/index.php\/wp-json\/wp\/v2\/product"}],"about":[{"href":"https:\/\/vinylgrove.nl\/index.php\/wp-json\/wp\/v2\/types\/product"}],"wp:featuredmedia":[{"embeddable":true,"href":"https:\/\/vinylgrove.nl\/index.php\/wp-json\/wp\/v2\/media\/8055"}],"wp:attachment":[{"href":"https:\/\/vinylgrove.nl\/index.php\/wp-json\/wp\/v2\/media?parent=8054"}],"wp:term":[{"taxonomy":"product_brand","embeddable":true,"href":"https:\/\/vinylgrove.nl\/index.php\/wp-json\/wp\/v2\/product_brand?post=8054"},{"taxonomy":"product_cat","embeddable":true,"href":"https:\/\/vinylgrove.nl\/index.php\/wp-json\/wp\/v2\/product_cat?post=8054"},{"taxonomy":"product_tag","embeddable":true,"href":"https:\/\/vinylgrove.nl\/index.php\/wp-json\/wp\/v2\/product_tag?post=8054"}],"curies":[{"name":"wp","href":"https:\/\/api.w.org\/{rel}","templated":true}]}}